{"id":1049,"date":"2024-01-31T11:51:42","date_gmt":"2024-01-31T09:51:42","guid":{"rendered":"https:\/\/medioppi.demo.site\/?page_id=1049"},"modified":"2024-01-31T12:10:47","modified_gmt":"2024-01-31T10:10:47","slug":"tuleva-etusivu","status":"publish","type":"page","link":"https:\/\/medioppi.demo.site\/?page_id=1049","title":{"rendered":"Roosan etusivu versio"},"content":{"rendered":"\n<div class=\"wp-block-buttons is-content-justification-space-between is-layout-flex wp-container-core-buttons-is-layout-b2891da8 wp-block-buttons-is-layout-flex\">\n<div class=\"wp-block-button\"><a class=\"wp-block-button__link wp-element-button\" href=\"#mika-medioppi\">Mik\u00e4 MediOppi?<\/a><\/div>\n\n\n\n<div class=\"wp-block-button\"><a class=\"wp-block-button__link wp-element-button\" href=\"#meista\">Meist\u00e4<\/a><\/div>\n\n\n\n<div class=\"wp-block-button\"><a class=\"wp-block-button__link wp-element-button\" href=\"#referenssit\">Referenssit<\/a><\/div>\n\n\n\n<div class=\"wp-block-button\"><a class=\"wp-block-button__link wp-element-button\">MediOppiin<\/a><\/div>\n<\/div>\n\n\n\n<div style=\"height:100px\" aria-hidden=\"true\" class=\"wp-block-spacer\"><\/div>\n\n\n\n<h3 class=\"wp-block-heading has-text-align-center has-pale-cyan-blue-background-color has-background has-large-font-size\" id=\"mika-medioppi\" style=\"text-transform:uppercase\"><strong>Mik\u00e4 MediOppi?<\/strong><\/h3>\n\n\n\n<figure class=\"wp-block-pullquote\"><blockquote><p>MedEdun tuottama MediOppi -koulutusymp\u00e4rist\u00f6 on Suomalaisten l\u00e4\u00e4k\u00e4reiden kehitt\u00e4m\u00e4 oppimisty\u00f6kalu, joka on rakennettu l\u00e4\u00e4ketieteen opiskelijoiden kokeman tarpeen pohjalta<\/p><cite>MediOppi-koulutusymp\u00e4rist\u00f6 sis\u00e4lt\u00e4\u00e4 potilassimulaattorin, oppituntity\u00f6kalun ja reseptity\u00f6kalun<\/cite><\/blockquote><\/figure>\n\n\n\n<figure class=\"wp-block-image size-large\"><img decoding=\"async\" src=\"https:\/\/mededu.fi\/wp-content\/uploads\/sites\/4\/2023\/03\/Medioppi-1024x716.png\" alt=\"\" class=\"wp-image-29\"\/><\/figure>\n\n\n\n<figure class=\"wp-block-pullquote\"><blockquote><p>Potilassimulaattoriin voidaan rakentaa monipuolisia potilastapauksia, joissa opiskelija p\u00e4\u00e4see harjoittelemaan kliinisen p\u00e4\u00e4ttelyn taitoja, kuten diagnostiikkaa ja hoidonm\u00e4\u00e4rityst\u00e4, hy\u00f6dynt\u00e4en samoja ty\u00f6kaluja kuin oikeassakin el\u00e4m\u00e4ss\u00e4&nbsp;<\/p><cite>Potilassimulaattori on helppok\u00e4ytt\u00f6inen ja opettaja itse voi luoda potilastapauksen muutamassa tunnissa<\/cite><\/blockquote><\/figure>\n\n\n\n<figure class=\"wp-block-embed is-type-video is-provider-youtube wp-block-embed-youtube wp-embed-aspect-16-9 wp-has-aspect-ratio\"><div class=\"wp-block-embed__wrapper\">\n<iframe loading=\"lazy\" title=\"MediOppi-koulutusymp\u00e4rist\u00f6n esittely\" width=\"500\" height=\"281\" src=\"https:\/\/www.youtube.com\/embed\/rlbouAbYij4?feature=oembed\" frameborder=\"0\" allow=\"accelerometer; autoplay; clipboard-write; encrypted-media; gyroscope; picture-in-picture; web-share\" referrerpolicy=\"strict-origin-when-cross-origin\" allowfullscreen><\/iframe>\n<\/div><\/figure>\n\n\n\n<figure class=\"wp-block-pullquote\"><blockquote><p><\/p><cite>MediOppi on helposti muokattavissa moneen tarkoitukseen, kuten el\u00e4inl\u00e4\u00e4ketieteeseen, hoitoty\u00f6n opetukseen tai hammasl\u00e4\u00e4ketieteen k\u00e4ytt\u00f6\u00f6n&nbsp;<\/cite><\/blockquote><\/figure>\n\n\n\n<hr class=\"wp-block-separator has-alpha-channel-opacity\"\/>\n\n\n\n<h3 class=\"wp-block-heading has-text-align-center has-pale-cyan-blue-background-color has-background has-large-font-size\" id=\"meista\" style=\"text-transform:uppercase\"><strong>Meist\u00e4<\/strong><\/h3>\n\n\n\n<figure class=\"wp-block-pullquote\"><blockquote><p>MedEdun perustajat Tomi Yl\u00e4-Soininm\u00e4ki &amp; Tuomas Lumikari alkoivat suunnitella virtuaalista potilassimulaattoria l\u00e4\u00e4ketieteen koulutukseen ollessaan itse l\u00e4\u00e4ketieteen opiskelijoita.&nbsp;My\u00f6hemmin potilassimulaattori laajentui MediOppi -koulutusymp\u00e4rist\u00f6ksi&nbsp;<\/p><cite>MedEdu on perustettu vuonna 2019 ja firma on 100% suomalaisessa omistuksessa&nbsp;<\/cite><\/blockquote><\/figure>\n\n\n\n<p class=\"has-text-align-center has-medium-font-size\"><strong>KIINNOSTUITKO MEDIOPISTA? <\/strong><\/p>\n\n\n\n<div class=\"wp-block-buttons has-custom-font-size has-medium-font-size is-content-justification-center is-layout-flex wp-container-core-buttons-is-layout-a89b3969 wp-block-buttons-is-layout-flex\">\n<div class=\"wp-block-button has-custom-font-size is-style-fill has-medium-font-size\"><a class=\"wp-block-button__link has-text-align-center wp-element-button\" style=\"border-radius:51px\">OTA YHTEYTT\u00c4<\/a><\/div>\n<\/div>\n\n\n\n<div class=\"wp-block-columns is-layout-flex wp-container-core-columns-is-layout-28f84493 wp-block-columns-is-layout-flex\">\n<div class=\"wp-block-column is-layout-flow wp-block-column-is-layout-flow\">\n<figure class=\"wp-block-image size-large is-resized\"><img decoding=\"async\" src=\"https:\/\/mededu.fi\/wp-content\/uploads\/sites\/4\/2023\/03\/Tomi-1024x990.png\" alt=\"\" class=\"wp-image-47\" style=\"height:300px\"\/><figcaption class=\"wp-element-caption\">Roosa Pusa, Yhteyshjohtaja<\/figcaption><\/figure>\n<\/div>\n\n\n\n<div class=\"wp-block-column is-layout-flow wp-block-column-is-layout-flow\"><\/div>\n\n\n\n<div class=\"wp-block-column is-layout-flow wp-block-column-is-layout-flow\">\n<figure class=\"wp-block-image size-medium is-resized\"><img decoding=\"async\" src=\"https:\/\/mededu.fi\/wp-content\/uploads\/sites\/4\/2023\/03\/Roosa-1-240x300.jpeg\" alt=\"\" class=\"wp-image-48\" style=\"width:240px;height:300px\"\/><figcaption class=\"wp-element-caption\">Roosa Pusa, Yhteyshjohtaja<\/figcaption><\/figure>\n\n\n\n<p class=\"has-text-align-center\">roosa.pusa@mededu.fi<\/p>\n<\/div>\n<\/div>\n\n\n\n<p><\/p>\n\n\n\n<hr class=\"wp-block-separator has-alpha-channel-opacity\"\/>\n\n\n\n<p><\/p>\n\n\n\n<h3 class=\"wp-block-heading has-text-align-center has-pale-cyan-blue-background-color has-background has-large-font-size\" id=\"referenssit\" style=\"text-transform:uppercase\"><strong>Referenssit<\/strong><\/h3>\n\n\n\n<h2 class=\"wp-block-heading has-text-align-center has-medium-font-size\"><strong>Yliopistot<\/strong><\/h2>\n\n\n\n<figure class=\"wp-block-pullquote\"><blockquote><p>MediOppi -koulutusymp\u00e4rist\u00f6 on k\u00e4yt\u00f6ss\u00e4 kaikissa suomalaisissa l\u00e4\u00e4ketieteellisiss\u00e4 tiedekunnissa <\/p><cite>Ohjelmistolla tehd\u00e4\u00e4n mm. opintojen ennakkomateraalia, ryhm\u00e4teht\u00e4vi\u00e4 ja sit\u00e4 k\u00e4yt\u00e4\u00e4n tenttity\u00f6kaluna<\/cite><\/blockquote><\/figure>\n\n\n\n<figure class=\"wp-block-image aligncenter size-medium\"><img decoding=\"async\" src=\"https:\/\/mededu.fi\/wp-content\/uploads\/sites\/4\/2023\/03\/mededu-300x200.jpg\" alt=\"\" class=\"wp-image-49\"\/><\/figure>\n\n\n\n<h2 class=\"wp-block-heading has-text-align-center\"><strong>El\u00e4inl\u00e4\u00e4ketiede<\/strong><\/h2>\n\n\n\n<figure class=\"wp-block-pullquote\"><blockquote><p>MediOpista kehitet\u00e4\u00e4n el\u00e4inl\u00e4\u00e4ketieteiden opettamiseen soveltuvaa versiota <strong>Helsingin <\/strong>Yliopiston, <strong>Viron<\/strong> maatalousyliopiston, <strong>Norjan<\/strong> ymp\u00e4rist\u00f6tieteen ja biologian yliopiston sek\u00e4 <strong>Ruotsin<\/strong> maataloustieteellinen yliopiston kanssa<\/p><\/blockquote><\/figure>\n\n\n\n<figure class=\"wp-block-image aligncenter size-large is-resized\"><img decoding=\"async\" src=\"https:\/\/mededu.fi\/wp-content\/uploads\/sites\/4\/2023\/03\/OIG_logo-1198x1200-1-1022x1024.png\" alt=\"\" class=\"wp-image-38\" style=\"width:168px;height:168px\"\/><\/figure>\n\n\n\n<h3 class=\"wp-block-heading\"><strong>L\u00e4\u00e4k\u00e4rilehden artikkeli<\/strong><\/h3>\n\n\n\n<p>L\u00e4\u00e4k\u00e4rilehti 19.2.2021\/ Potilassimulaattori tuo pelillisyyden l\u00e4\u00e4k\u00e4rikoulutukseen<\/p>\n\n\n\n<p><a href=\"https:\/\/www.laakarilehti.fi\/ajassa\/ajankohtaista\/potilassimulaattori-tuo-pelillisyyden-laakarikoulutukseen\/?fbclid=IwAR3-uMYi2QhSwh2edysdejgzwWcezRZpi-0aAI-EidutfZ6oF53uv988Kg0\">https:\/\/www.laakarilehti.fi\/ajassa\/ajankohtaista\/potilassimulaattori-tuo-pelillisyyden-laakarikoulutukseen\/?fbclid=IwAR3-uMYi2QhSwh2edysdejgzwWcezRZpi-0aAI-EidutfZ6oF53uv988Kg0<\/a><\/p>\n\n\n\n<h3 class=\"wp-block-heading\"><strong>MeDigi-hankkeen raportti<\/strong><\/h3>\n\n\n\n<p><a href=\"https:\/\/www.medigi.fi\/media\/loppuraportti\/medigi-loppuraportti-final-email-isbn.pdf\">https:\/\/www.medigi.fi\/media\/loppuraportti\/medigi-loppuraportti-final-email-isbn.pdf<\/a><\/p>\n","protected":false},"excerpt":{"rendered":"<p>Mik\u00e4 MediOppi? MedEdun tuottama MediOppi -koulutusymp\u00e4rist\u00f6 on Suomalaisten l\u00e4\u00e4k\u00e4reiden kehitt\u00e4m\u00e4 oppimisty\u00f6kalu, joka on rakennettu l\u00e4\u00e4ketieteen opiskelijoiden kokeman tarpeen pohjalta MediOppi-koulutusymp\u00e4rist\u00f6 sis\u00e4lt\u00e4\u00e4 potilassimulaattorin, oppituntity\u00f6kalun ja reseptity\u00f6kalun Potilassimulaattoriin voidaan rakentaa monipuolisia potilastapauksia, joissa opiskelija p\u00e4\u00e4see harjoittelemaan kliinisen p\u00e4\u00e4ttelyn taitoja, kuten diagnostiikkaa ja hoidonm\u00e4\u00e4rityst\u00e4, hy\u00f6dynt\u00e4en samoja ty\u00f6kaluja kuin oikeassakin el\u00e4m\u00e4ss\u00e4&nbsp; Potilassimulaattori on helppok\u00e4ytt\u00f6inen ja opettaja itse voi luoda [&hellip;]<\/p>\n","protected":false},"author":2,"featured_media":0,"parent":0,"menu_order":0,"comment_status":"closed","ping_status":"closed","template":"","meta":{"footnotes":""},"class_list":["post-1049","page","type-page","status-publish","hentry"],"_links":{"self":[{"href":"https:\/\/medioppi.demo.site\/index.php?rest_route=\/wp\/v2\/pages\/1049","targetHints":{"allow":["GET"]}}],"collection":[{"href":"https:\/\/medioppi.demo.site\/index.php?rest_route=\/wp\/v2\/pages"}],"about":[{"href":"https:\/\/medioppi.demo.site\/index.php?rest_route=\/wp\/v2\/types\/page"}],"author":[{"embeddable":true,"href":"https:\/\/medioppi.demo.site\/index.php?rest_route=\/wp\/v2\/users\/2"}],"replies":[{"embeddable":true,"href":"https:\/\/medioppi.demo.site\/index.php?rest_route=%2Fwp%2Fv2%2Fcomments&post=1049"}],"version-history":[{"count":2,"href":"https:\/\/medioppi.demo.site\/index.php?rest_route=\/wp\/v2\/pages\/1049\/revisions"}],"predecessor-version":[{"id":1058,"href":"https:\/\/medioppi.demo.site\/index.php?rest_route=\/wp\/v2\/pages\/1049\/revisions\/1058"}],"wp:attachment":[{"href":"https:\/\/medioppi.demo.site\/index.php?rest_route=%2Fwp%2Fv2%2Fmedia&parent=1049"}],"curies":[{"name":"wp","href":"https:\/\/api.w.org\/{rel}","templated":true}]}}